{"id":60,"date":"2016-09-13T07:34:24","date_gmt":"2016-09-13T05:34:24","guid":{"rendered":"http:\/\/www.farnostrana.cz\/?page_id=60"},"modified":"2018-03-06T13:35:56","modified_gmt":"2018-03-06T11:35:56","slug":"fotogalerie","status":"publish","type":"page","link":"https:\/\/www.farnostrana.cz\/?page_id=60","title":{"rendered":"Fotogalerie"},"content":{"rendered":"<div id=\"2729\">\n\t<div id=\"gallery_bank_album_main_container_2729\" class=\"gallery_bank_album_main_container\">\n\t\t\t\t<style type=\"text\/css\">\n\t\t@import url('https:\/\/fonts.googleapis.com\/css?family=Roboto+Slab%3A700');\r\n@import url('https:\/\/fonts.googleapis.com\/css?family=Roboto+Slab%3A300');\r\n\t\t.gallery_bank_album_main_container\n\t\t{\n\t\t\tdirection: ltr !important;\n\t\t}\n\t\t.gb-filter-holder_2729\t\t{\n\t\t\ttext-align: ;\n\t\t}\n\t\t.ux_div_empty_search_results\n\t\t{\n\t\t\tdisplay:none;\n\t\t\ttext-align:center !important;\n\t\t\tclear:both !important;\n\t\t}\n\t\t\t\t\t\t\t.album_title_container h2\t\t\t\t\t{\n\t\t\t\t\t\tline-height: 1.7em !important;\n\t\t\t\t\t\ttext-align: left !important;\n\t\t\t\t\t\tfont-size: 20px !important;\n\t\t\t\t\t\tcolor : #000000 !important;\n\t\t\t\t\t\tmargin: 10px 0px 10px 0px !important;\n\t\t\t\t\t\tpadding: 10px 0px 10px 0px !important;\n\t\t\t\t\t\tfont-family: 'Roboto Slab' !important;\r\n\tfont-weight: 700 !important;\t\t\t\t\t}\n\t\t\t\t\t.album_desc_container h3\t\t\t\t\t{\n\t\t\t\t\t\tline-height: 1.7em !important;\n\t\t\t\t\t\ttext-align: left !important;\n\t\t\t\t\t\tfont-size: 16px !important;\n\t\t\t\t\t\tcolor : #787D85 !important;\n\t\t\t\t\t\tmargin: 10px 0px 10px 0px !important;\n\t\t\t\t\t\tpadding: 0px 0px 10px 0px !important;\n\t\t\t\t\t\tfont-family: 'Roboto Slab' !important;\r\n\tfont-weight: 300 !important;\t\t\t\t\t}\n\t\t\t\t\t.compact_album_grid_single_text_title h3\t\t\t\t\t{\n\t\t\t\t\t\tline-height: 1.7em !important;\n\t\t\t\t\t\ttext-align: left !important;\n\t\t\t\t\t\tfont-size: 14px !important;\n\t\t\t\t\t\tcolor : #787D85 !important;\n\t\t\t\t\t\tmargin: 0px 5px 0px 5px !important;\n\t\t\t\t\t\tpadding: 10px 10px 10px 10px !important;\n\t\t\t\t\t\tfont-family: 'Roboto Slab' !important;\r\n\tfont-weight: 700 !important;\t\t\t\t\t}\n\t\t\t\t\t.compact_album_grid_single_text_desc p\t\t\t\t\t{\n\t\t\t\t\t\tline-height: 1.7em !important;\n\t\t\t\t\t\ttext-align: left !important;\n\t\t\t\t\t\tfont-size: 12px !important;\n\t\t\t\t\t\tcolor : #787D85 !important;\n\t\t\t\t\t\tmargin: 0px 5px 0px 5px !important;\n\t\t\t\t\t\tpadding: 5px 10px 10px 10px !important;\n\t\t\t\t\t\tfont-family: 'Roboto Slab' !important;\r\n\tfont-weight: 300 !important;\t\t\t\t\t}\n\t\t\t\t\t.compact_album_grid_item_image_2729 img\n\t\t\t\t\t{\n\t\t\t\t\t\tdisplay: none !important;\n\t\t\t\t\t}\n\t\t\t\t\t.compact_album_grid_item_image_2729\t\t\t\t\t{\n\t\t\t\t\t\topacity: 1 !important;\n\t\t\t\t\t\tbackground-size: 100% 100% !important;\n\t\t\t\t\t\twidth: 250px !important;\n\t\t\t\t\t\theight: 200px !important;\n\t\t\t\t\t\tborder: 0px none #000000 !important;\n\t\t\t\t\t\tborder-radius: 0px !important;\n\t\t\t\t\t\t-webkit-border-radius: 0px !important;\n\t\t\t\t\t\t-moz-border-radius: 0px !important;\n\t\t\t\t\t}\n\t\t\t\t\t.compact_album_grid_content_item\n\t\t\t\t\t{\n\t\t\t\t\t\twidth: 250px !important;\n\t\t\t\t\t\tbackground: rgba(235,232,235,0.5) !important;\n\t\t\t\t\t}\n\t\t\t\t\t.compact_album_grid_wrapper_item\n\t\t\t\t\t{\n\t\t\t\t\t\tdisplay: inline-block !important;\n\t\t\t\t\t\tvertical-align: top !important;\n\t\t\t\t\t\toverflow: hidden !important;\n\t\t\t\t\t\tbox-shadow: 0px 0px 0px 0px #000000 !important;\n\t\t\t\t\t\t-webkit-box-shadow: 0px 0px 0px 0px #000000 !important;\n\t\t\t\t\t\t-moz-box-shadow: 0px 0px 0px 0px #000000 !important;\n\t\t\t\t\t\tmargin: 10px 10px 0px 0px !important;\n\t\t\t\t\t\tpadding: 0px 0px 0px 0px !important;\n\t\t\t\t\t}\n\t\t\t\t\t.compact_album_grid_item_image_2729:hover\n\t\t\t\t\t{\n\t\t\t\t\t\ttransition: 1s !important;\n\t\t\t\t\t\ttransform : none !important;\n\t\t\t\t\t\t-ms-filter: none !important;\n\t\t\t\t\t\t-o-filter: none !important;\n\t\t\t\t\t\tfilter: none !important;\n\t\t\t\t\t\t-moz-filter: none !important;\n\t\t\t\t\t\t-webkit-filter: none !important;\n\t\t\t\t\t}\n\t\t\t\t\t.compact_album_grid_content_item a\n\t\t\t\t\t{\n\t\t\t\t\t\tcursor: pointer !important;\n\t\t\t\t\t\ttext-decoration: none !important;\n\t\t\t\t\t}\n\t\t\t\t\t\t<\/style>\n\t\t<script type=\"text\/javascript\">\n\n\tvar ajaxurl = \"https:\/\/www.farnostrana.cz\/wp-admin\/admin-ajax.php\";\n\tvar global_options_right_click_protection = \"disable\";\n\tvar animation_effect = \"fadeIn\";\n\tjQuery(document).ready(function ()\n\t{\n\t\tif (animation_effect !== \"none\")\n\t\t{\n\t\t\tjQuery(\".gb_animate\").scrolla_gb();\n\t\t}\n\t\tif (global_options_right_click_protection === \"enable\") {\n\t\t\tjQuery(\".gallery_bank_album_main_container\").on(\"contextmenu\", function (e)\n\t\t\t{\n\t\t\treturn false;\n\t\t});\n\t\t}\n\t});\n<\/script>\n<div id=\"control_container_2729\">\n\t\t\t\t\t<div id=\"grid_wrapper_item_album_2729_482\" class=\"compact_album_grid_wrapper_item gb_animate\"  data-animate=\"fadeIn\" data-duration=\"1.0s\" data-delay=\"0.1s\" data-offset=\"100\">\n\t\t\t\t<a href=\"\/index.php?rest_route=%2Fwp%2Fv2%2Fpages%2F60&#038;type=gallery&#038;gallery_id=56&#038;album_id=56\">\n\t\t\t\t\t<div id=\"grid_item_album_image_2729_482\" class=\"compact_album_grid_item_image_2729\" style=\"background:url('https:\/\/www.farnostrana.cz\/wp-content\/gallery-bank\/thumbs-cropped\/IMG_20180218_135526.jpg');\">\n\t\t\t\t\t\t<img decoding=\"async\" src=\"https:\/\/www.farnostrana.cz\/wp-content\/gallery-bank\/thumbs-cropped\/IMG_20180218_135526.jpg\"\/>\n\t\t\t\t\t<\/div>\n\t\t\t\t<\/a>\n\t\t\t\t\t\t\t\t\t<div id=\"grid_content_item_album\" class=\"compact_album_grid_content_item\">\n\t\t\t\t\t\t\t\t\t\t\t\t\t<a href=\"\/index.php?rest_route=%2Fwp%2Fv2%2Fpages%2F60&#038;type=gallery&#038;gallery_id=56&#038;album_id=56\" id=\"grid_album_single_text_title_2729_482\" class=\"compact_album_grid_single_text_title\">\n\t\t\t\t\t\t\t\t<h3>\n\t\t\t\t\t\t\tKr\u00e1lovsk\u00fd v\u00fdlet 2018 - Kutn\u00e1 hora\t\t\t\t\t\t\t<\/h3>\n\t\t\t\t\t\t<\/a>\n\t\t\t\t\t\t\t\t\t\t\t\t<\/div>\n\t\t\t\t\t\t\t\t<\/div>\n\t\t\t\t<\/div>\n<div id=\"ux_hidden_total_images_2729\" style=\"display:none\"><\/div>\n<div id=\"empty_search_2729\" class=\"ux_div_empty_search_results\">Sorry, No Gallery found<\/div>\n\t<\/div>\n<\/div>\n\n<div id=\"457\">\n\t<div id=\"gallery_bank_album_main_container_457\" class=\"gallery_bank_album_main_container\">\n\t\t\t\t<style type=\"text\/css\">\n\t\t@import url('https:\/\/fonts.googleapis.com\/css?family=Roboto+Slab%3A700');\r\n@import url('https:\/\/fonts.googleapis.com\/css?family=Roboto+Slab%3A300');\r\n\t\t.gallery_bank_album_main_container\n\t\t{\n\t\t\tdirection: ltr !important;\n\t\t}\n\t\t.gb-filter-holder_457\t\t{\n\t\t\ttext-align: ;\n\t\t}\n\t\t.ux_div_empty_search_results\n\t\t{\n\t\t\tdisplay:none;\n\t\t\ttext-align:center !important;\n\t\t\tclear:both !important;\n\t\t}\n\t\t\t\t\t\t\t.album_title_container h2\t\t\t\t\t{\n\t\t\t\t\t\tline-height: 1.7em !important;\n\t\t\t\t\t\ttext-align: left !important;\n\t\t\t\t\t\tfont-size: 20px !important;\n\t\t\t\t\t\tcolor : #000000 !important;\n\t\t\t\t\t\tmargin: 10px 0px 10px 0px !important;\n\t\t\t\t\t\tpadding: 10px 0px 10px 0px !important;\n\t\t\t\t\t\tfont-family: 'Roboto Slab' !important;\r\n\tfont-weight: 700 !important;\t\t\t\t\t}\n\t\t\t\t\t.album_desc_container h3\t\t\t\t\t{\n\t\t\t\t\t\tline-height: 1.7em !important;\n\t\t\t\t\t\ttext-align: left !important;\n\t\t\t\t\t\tfont-size: 16px !important;\n\t\t\t\t\t\tcolor : #787D85 !important;\n\t\t\t\t\t\tmargin: 10px 0px 10px 0px !important;\n\t\t\t\t\t\tpadding: 0px 0px 10px 0px !important;\n\t\t\t\t\t\tfont-family: 'Roboto Slab' !important;\r\n\tfont-weight: 300 !important;\t\t\t\t\t}\n\t\t\t\t\t.compact_album_grid_single_text_title h3\t\t\t\t\t{\n\t\t\t\t\t\tline-height: 1.7em !important;\n\t\t\t\t\t\ttext-align: left !important;\n\t\t\t\t\t\tfont-size: 14px !important;\n\t\t\t\t\t\tcolor : #787D85 !important;\n\t\t\t\t\t\tmargin: 0px 5px 0px 5px !important;\n\t\t\t\t\t\tpadding: 10px 10px 10px 10px !important;\n\t\t\t\t\t\tfont-family: 'Roboto Slab' !important;\r\n\tfont-weight: 700 !important;\t\t\t\t\t}\n\t\t\t\t\t.compact_album_grid_single_text_desc p\t\t\t\t\t{\n\t\t\t\t\t\tline-height: 1.7em !important;\n\t\t\t\t\t\ttext-align: left !important;\n\t\t\t\t\t\tfont-size: 12px !important;\n\t\t\t\t\t\tcolor : #787D85 !important;\n\t\t\t\t\t\tmargin: 0px 5px 0px 5px !important;\n\t\t\t\t\t\tpadding: 5px 10px 10px 10px !important;\n\t\t\t\t\t\tfont-family: 'Roboto Slab' !important;\r\n\tfont-weight: 300 !important;\t\t\t\t\t}\n\t\t\t\t\t.compact_album_grid_item_image_457 img\n\t\t\t\t\t{\n\t\t\t\t\t\tdisplay: none !important;\n\t\t\t\t\t}\n\t\t\t\t\t.compact_album_grid_item_image_457\t\t\t\t\t{\n\t\t\t\t\t\topacity: 1 !important;\n\t\t\t\t\t\tbackground-size: 100% 100% !important;\n\t\t\t\t\t\twidth: 250px !important;\n\t\t\t\t\t\theight: 200px !important;\n\t\t\t\t\t\tborder: 0px none #000000 !important;\n\t\t\t\t\t\tborder-radius: 0px !important;\n\t\t\t\t\t\t-webkit-border-radius: 0px !important;\n\t\t\t\t\t\t-moz-border-radius: 0px !important;\n\t\t\t\t\t}\n\t\t\t\t\t.compact_album_grid_content_item\n\t\t\t\t\t{\n\t\t\t\t\t\twidth: 250px !important;\n\t\t\t\t\t\tbackground: rgba(235,232,235,0.5) !important;\n\t\t\t\t\t}\n\t\t\t\t\t.compact_album_grid_wrapper_item\n\t\t\t\t\t{\n\t\t\t\t\t\tdisplay: inline-block !important;\n\t\t\t\t\t\tvertical-align: top !important;\n\t\t\t\t\t\toverflow: hidden !important;\n\t\t\t\t\t\tbox-shadow: 0px 0px 0px 0px #000000 !important;\n\t\t\t\t\t\t-webkit-box-shadow: 0px 0px 0px 0px #000000 !important;\n\t\t\t\t\t\t-moz-box-shadow: 0px 0px 0px 0px #000000 !important;\n\t\t\t\t\t\tmargin: 10px 10px 0px 0px !important;\n\t\t\t\t\t\tpadding: 0px 0px 0px 0px !important;\n\t\t\t\t\t}\n\t\t\t\t\t.compact_album_grid_item_image_457:hover\n\t\t\t\t\t{\n\t\t\t\t\t\ttransition: 1s !important;\n\t\t\t\t\t\ttransform : none !important;\n\t\t\t\t\t\t-ms-filter: none !important;\n\t\t\t\t\t\t-o-filter: none !important;\n\t\t\t\t\t\tfilter: none !important;\n\t\t\t\t\t\t-moz-filter: none !important;\n\t\t\t\t\t\t-webkit-filter: none !important;\n\t\t\t\t\t}\n\t\t\t\t\t.compact_album_grid_content_item a\n\t\t\t\t\t{\n\t\t\t\t\t\tcursor: pointer !important;\n\t\t\t\t\t\ttext-decoration: none !important;\n\t\t\t\t\t}\n\t\t\t\t\t\t<\/style>\n\t\t<script type=\"text\/javascript\">\n\n\tvar ajaxurl = \"https:\/\/www.farnostrana.cz\/wp-admin\/admin-ajax.php\";\n\tvar global_options_right_click_protection = \"disable\";\n\tvar animation_effect = \"fadeIn\";\n\tjQuery(document).ready(function ()\n\t{\n\t\tif (animation_effect !== \"none\")\n\t\t{\n\t\t\tjQuery(\".gb_animate\").scrolla_gb();\n\t\t}\n\t\tif (global_options_right_click_protection === \"enable\") {\n\t\t\tjQuery(\".gallery_bank_album_main_container\").on(\"contextmenu\", function (e)\n\t\t\t{\n\t\t\treturn false;\n\t\t});\n\t\t}\n\t});\n<\/script>\n<div id=\"control_container_457\">\n\t\t\t\t\t<div id=\"grid_wrapper_item_album_457_473\" class=\"compact_album_grid_wrapper_item gb_animate\"  data-animate=\"fadeIn\" data-duration=\"1.0s\" data-delay=\"0.1s\" data-offset=\"100\">\n\t\t\t\t<a href=\"\/index.php?rest_route=%2Fwp%2Fv2%2Fpages%2F60&#038;type=gallery&#038;gallery_id=3&#038;album_id=3\">\n\t\t\t\t\t<div id=\"grid_item_album_image_457_473\" class=\"compact_album_grid_item_image_457\" style=\"background:url('https:\/\/www.farnostrana.cz\/wp-content\/gallery-bank\/thumbs-cropped\/o_1ashc80hu1l3v1l96cp52ftjm8i.jpg');\">\n\t\t\t\t\t\t<img decoding=\"async\" src=\"https:\/\/www.farnostrana.cz\/wp-content\/gallery-bank\/thumbs-cropped\/o_1ashc80hu1l3v1l96cp52ftjm8i.jpg\"\/>\n\t\t\t\t\t<\/div>\n\t\t\t\t<\/a>\n\t\t\t\t\t\t\t\t\t<div id=\"grid_content_item_album\" class=\"compact_album_grid_content_item\">\n\t\t\t\t\t\t\t\t\t\t\t\t\t<a href=\"\/index.php?rest_route=%2Fwp%2Fv2%2Fpages%2F60&#038;type=gallery&#038;gallery_id=3&#038;album_id=3\" id=\"grid_album_single_text_title_457_473\" class=\"compact_album_grid_single_text_title\">\n\t\t\t\t\t\t\t\t<h3>\n\t\t\t\t\t\t\tP\u0159iv\u00edt\u00e1n\u00ed otce Ond\u0159eje Matuly\t\t\t\t\t\t\t<\/h3>\n\t\t\t\t\t\t<\/a>\n\t\t\t\t\t\t\t\t\t\t\t\t<\/div>\n\t\t\t\t\t\t\t\t<\/div>\n\t\t\t\t<\/div>\n<div id=\"ux_hidden_total_images_457\" style=\"display:none\"><\/div>\n<div id=\"empty_search_457\" class=\"ux_div_empty_search_results\">Sorry, No Gallery found<\/div>\n\t<\/div>\n<\/div>\n\n<div id=\"7030\">\n\t<div id=\"gallery_bank_album_main_container_7030\" class=\"gallery_bank_album_main_container\">\n\t\t\t\t<style type=\"text\/css\">\n\t\t@import url('https:\/\/fonts.googleapis.com\/css?family=Roboto+Slab%3A700');\r\n@import url('https:\/\/fonts.googleapis.com\/css?family=Roboto+Slab%3A300');\r\n\t\t.gallery_bank_album_main_container\n\t\t{\n\t\t\tdirection: ltr !important;\n\t\t}\n\t\t.gb-filter-holder_7030\t\t{\n\t\t\ttext-align: ;\n\t\t}\n\t\t.ux_div_empty_search_results\n\t\t{\n\t\t\tdisplay:none;\n\t\t\ttext-align:center !important;\n\t\t\tclear:both !important;\n\t\t}\n\t\t\t\t\t\t\t.album_title_container h2\t\t\t\t\t{\n\t\t\t\t\t\tline-height: 1.7em !important;\n\t\t\t\t\t\ttext-align: left !important;\n\t\t\t\t\t\tfont-size: 20px !important;\n\t\t\t\t\t\tcolor : #000000 !important;\n\t\t\t\t\t\tmargin: 10px 0px 10px 0px !important;\n\t\t\t\t\t\tpadding: 10px 0px 10px 0px !important;\n\t\t\t\t\t\tfont-family: 'Roboto Slab' !important;\r\n\tfont-weight: 700 !important;\t\t\t\t\t}\n\t\t\t\t\t.album_desc_container h3\t\t\t\t\t{\n\t\t\t\t\t\tline-height: 1.7em !important;\n\t\t\t\t\t\ttext-align: left !important;\n\t\t\t\t\t\tfont-size: 16px !important;\n\t\t\t\t\t\tcolor : #787D85 !important;\n\t\t\t\t\t\tmargin: 10px 0px 10px 0px !important;\n\t\t\t\t\t\tpadding: 0px 0px 10px 0px !important;\n\t\t\t\t\t\tfont-family: 'Roboto Slab' !important;\r\n\tfont-weight: 300 !important;\t\t\t\t\t}\n\t\t\t\t\t.compact_album_grid_single_text_title h3\t\t\t\t\t{\n\t\t\t\t\t\tline-height: 1.7em !important;\n\t\t\t\t\t\ttext-align: left !important;\n\t\t\t\t\t\tfont-size: 14px !important;\n\t\t\t\t\t\tcolor : #787D85 !important;\n\t\t\t\t\t\tmargin: 0px 5px 0px 5px !important;\n\t\t\t\t\t\tpadding: 10px 10px 10px 10px !important;\n\t\t\t\t\t\tfont-family: 'Roboto Slab' !important;\r\n\tfont-weight: 700 !important;\t\t\t\t\t}\n\t\t\t\t\t.compact_album_grid_single_text_desc p\t\t\t\t\t{\n\t\t\t\t\t\tline-height: 1.7em !important;\n\t\t\t\t\t\ttext-align: left !important;\n\t\t\t\t\t\tfont-size: 12px !important;\n\t\t\t\t\t\tcolor : #787D85 !important;\n\t\t\t\t\t\tmargin: 0px 5px 0px 5px !important;\n\t\t\t\t\t\tpadding: 5px 10px 10px 10px !important;\n\t\t\t\t\t\tfont-family: 'Roboto Slab' !important;\r\n\tfont-weight: 300 !important;\t\t\t\t\t}\n\t\t\t\t\t.compact_album_grid_item_image_7030 img\n\t\t\t\t\t{\n\t\t\t\t\t\tdisplay: none !important;\n\t\t\t\t\t}\n\t\t\t\t\t.compact_album_grid_item_image_7030\t\t\t\t\t{\n\t\t\t\t\t\topacity: 1 !important;\n\t\t\t\t\t\tbackground-size: 100% 100% !important;\n\t\t\t\t\t\twidth: 250px !important;\n\t\t\t\t\t\theight: 200px !important;\n\t\t\t\t\t\tborder: 0px none #000000 !important;\n\t\t\t\t\t\tborder-radius: 0px !important;\n\t\t\t\t\t\t-webkit-border-radius: 0px !important;\n\t\t\t\t\t\t-moz-border-radius: 0px !important;\n\t\t\t\t\t}\n\t\t\t\t\t.compact_album_grid_content_item\n\t\t\t\t\t{\n\t\t\t\t\t\twidth: 250px !important;\n\t\t\t\t\t\tbackground: rgba(235,232,235,0.5) !important;\n\t\t\t\t\t}\n\t\t\t\t\t.compact_album_grid_wrapper_item\n\t\t\t\t\t{\n\t\t\t\t\t\tdisplay: inline-block !important;\n\t\t\t\t\t\tvertical-align: top !important;\n\t\t\t\t\t\toverflow: hidden !important;\n\t\t\t\t\t\tbox-shadow: 0px 0px 0px 0px #000000 !important;\n\t\t\t\t\t\t-webkit-box-shadow: 0px 0px 0px 0px #000000 !important;\n\t\t\t\t\t\t-moz-box-shadow: 0px 0px 0px 0px #000000 !important;\n\t\t\t\t\t\tmargin: 10px 10px 0px 0px !important;\n\t\t\t\t\t\tpadding: 0px 0px 0px 0px !important;\n\t\t\t\t\t}\n\t\t\t\t\t.compact_album_grid_item_image_7030:hover\n\t\t\t\t\t{\n\t\t\t\t\t\ttransition: 1s !important;\n\t\t\t\t\t\ttransform : none !important;\n\t\t\t\t\t\t-ms-filter: none !important;\n\t\t\t\t\t\t-o-filter: none !important;\n\t\t\t\t\t\tfilter: none !important;\n\t\t\t\t\t\t-moz-filter: none !important;\n\t\t\t\t\t\t-webkit-filter: none !important;\n\t\t\t\t\t}\n\t\t\t\t\t.compact_album_grid_content_item a\n\t\t\t\t\t{\n\t\t\t\t\t\tcursor: pointer !important;\n\t\t\t\t\t\ttext-decoration: none !important;\n\t\t\t\t\t}\n\t\t\t\t\t\t<\/style>\n\t\t<script type=\"text\/javascript\">\n\n\tvar ajaxurl = \"https:\/\/www.farnostrana.cz\/wp-admin\/admin-ajax.php\";\n\tvar global_options_right_click_protection = \"disable\";\n\tvar animation_effect = \"fadeIn\";\n\tjQuery(document).ready(function ()\n\t{\n\t\tif (animation_effect !== \"none\")\n\t\t{\n\t\t\tjQuery(\".gb_animate\").scrolla_gb();\n\t\t}\n\t\tif (global_options_right_click_protection === \"enable\") {\n\t\t\tjQuery(\".gallery_bank_album_main_container\").on(\"contextmenu\", function (e)\n\t\t\t{\n\t\t\treturn false;\n\t\t});\n\t\t}\n\t});\n<\/script>\n<div id=\"control_container_7030\">\n\t\t\t\t\t<div id=\"grid_wrapper_item_album_7030_425\" class=\"compact_album_grid_wrapper_item gb_animate\"  data-animate=\"fadeIn\" data-duration=\"1.0s\" data-delay=\"0.1s\" data-offset=\"100\">\n\t\t\t\t<a href=\"\/index.php?rest_route=%2Fwp%2Fv2%2Fpages%2F60&#038;type=gallery&#038;gallery_id=2&#038;album_id=2\">\n\t\t\t\t\t<div id=\"grid_item_album_image_7030_425\" class=\"compact_album_grid_item_image_7030\" style=\"background:url('https:\/\/www.farnostrana.cz\/wp-content\/gallery-bank\/thumbs-cropped\/o_1ash521c9141e1nu415ne1lbkj73p-3.jpg');\">\n\t\t\t\t\t\t<img decoding=\"async\" src=\"https:\/\/www.farnostrana.cz\/wp-content\/gallery-bank\/thumbs-cropped\/o_1ash521c9141e1nu415ne1lbkj73p-3.jpg\"\/>\n\t\t\t\t\t<\/div>\n\t\t\t\t<\/a>\n\t\t\t\t\t\t\t\t\t<div id=\"grid_content_item_album\" class=\"compact_album_grid_content_item\">\n\t\t\t\t\t\t\t\t\t\t\t\t\t<a href=\"\/index.php?rest_route=%2Fwp%2Fv2%2Fpages%2F60&#038;type=gallery&#038;gallery_id=2&#038;album_id=2\" id=\"grid_album_single_text_title_7030_425\" class=\"compact_album_grid_single_text_title\">\n\t\t\t\t\t\t\t\t<h3>\n\t\t\t\t\t\t\tD\u011btsk\u00e1 m\u0161e sv. 11. z\u00e1\u0159\u00ed 2016\t\t\t\t\t\t\t<\/h3>\n\t\t\t\t\t\t<\/a>\n\t\t\t\t\t\t\t\t\t\t\t\t<\/div>\n\t\t\t\t\t\t\t\t<\/div>\n\t\t\t\t<\/div>\n<div id=\"ux_hidden_total_images_7030\" style=\"display:none\"><\/div>\n<div id=\"empty_search_7030\" class=\"ux_div_empty_search_results\">Sorry, No Gallery found<\/div>\n\t<\/div>\n<\/div>\n\n","protected":false},"excerpt":{"rendered":"","protected":false},"author":1,"featured_media":0,"parent":0,"menu_order":30,"comment_status":"closed","ping_status":"closed","template":"","meta":{"_monsterinsights_skip_tracking":false,"_monsterinsights_sitenote_active":false,"_monsterinsights_sitenote_note":"","_monsterinsights_sitenote_category":0,"footnotes":""},"class_list":["post-60","page","type-page","status-publish","hentry"],"_links":{"self":[{"href":"https:\/\/www.farnostrana.cz\/index.php?rest_route=\/wp\/v2\/pages\/60","targetHints":{"allow":["GET"]}}],"collection":[{"href":"https:\/\/www.farnostrana.cz\/index.php?rest_route=\/wp\/v2\/pages"}],"about":[{"href":"https:\/\/www.farnostrana.cz\/index.php?rest_route=\/wp\/v2\/types\/page"}],"author":[{"embeddable":true,"href":"https:\/\/www.farnostrana.cz\/index.php?rest_route=\/wp\/v2\/users\/1"}],"replies":[{"embeddable":true,"href":"https:\/\/www.farnostrana.cz\/index.php?rest_route=%2Fwp%2Fv2%2Fcomments&post=60"}],"version-history":[{"count":18,"href":"https:\/\/www.farnostrana.cz\/index.php?rest_route=\/wp\/v2\/pages\/60\/revisions"}],"predecessor-version":[{"id":439,"href":"https:\/\/www.farnostrana.cz\/index.php?rest_route=\/wp\/v2\/pages\/60\/revisions\/439"}],"wp:attachment":[{"href":"https:\/\/www.farnostrana.cz\/index.php?rest_route=%2Fwp%2Fv2%2Fmedia&parent=60"}],"curies":[{"name":"wp","href":"https:\/\/api.w.org\/{rel}","templated":true}]}}